Calculate the remainder when 383950 is divided by 127975.
25
What is the remainder when 324 is divided by 219?
105
Calculate the remainder when 8838 is divided by 260.
258
Calculate the remainder when 50716 is divided by 16902.
10
Calculate the remainder when 25638 is divided by 33.
30
Calculate the remainder when 777 is divided by 559.
218
Calculate the remainder when 71330 is divided by 37.
31
What is the remainder when 7768 is divided by 23?
17
Calculate the remainder when 8578 is divided by 14.
10
What is the remainder when 25455 is divided by 134?
129
Calculate the remainder when 68338 is divided by 414.
28
Calculate the remainder when 4858 is divided by 22.
18
What is the remainder when 230786 is divided by 230772?
14
What is the remainder when 5960 is divided by 1159?
165
What is the remainder when 36176 is divided by 30?
26
What is the remainder when 41085 is divided by 433?
383
What is the remainder when 382 is divided by 97?
91
What is the remainder when 5453 is divided by 26?
19
What is the remainder when 22184 is divided by 19?
11
What is the remainder when 4676 is divided by 185?
51
Calculate the remainder when 6956 is divided by 493.
54
What is the remainder when 226424 is divided by 1826?
0
What is the remainder when 1055 is divided by 107?
92
Calculate the remainder when 34567 is divided by 4936.
15
What is the remainder when 169572 is divided by 21?
18
What is the remainder when 123142 is divided by 134?
130
What is the remainder when 20071 is divided by 53?
37
What is the remainder when 642 is divided by 96?
66
Calculate the remainder when 241257 is divided by 31.
15
What is the remainder when 5989 is divided by 85?
39
What is the remainder when 6038 is divided by 1?
0
What is the remainder when 461661 is divided by 28?
25
Calculate the remainder when 1042 is divided by 530.
512
Calculate the remainder when 118893 is divided by 58.
51
What is the remainder when 71 is divided by 61?
10
What is the remainder when 6683 is divided by 445?
8
What is the remainder when 181037 is divided by 1351?
3
What is the remainder when 17631 is divided by 1551?
570
Calculate the remainder when 110040 is divided by 451.
447
What is the remainder when 12373 is divided by 364?
361
What is the remainder when 1467 is divided by 487?
6
Calculate the remainder when 13175 is divided by 1875.
50
What is the remainder when 9473775 is divided by 148?
147
Calculate the remainder when 2160 is divided by 589.
393
Calculate the remainder when 76209 is divided by 330.
309
Calculate the remainder when 2396108 is divided by 12.
8
What is the remainder when 54261 is divided by 27130?
1
Calculate the remainder when 32172 is divided by 29.
11
What is the remainder when 247289 is divided by 25?
14
What is the remainder when 229 is divided by 3?
1
What is the remainder when 150179 is divided by 150168?
11
Calculate the remainder when 21581 is divided by 733.
324
What is the remainder when 187832 is divided by 66?
62
Calculate the remainder when 27535 is divided by 3440.
15
Calculate the remainder when 2655 is divided by 637.
107
Calculate the remainder when 66099 is divided by 1742.
1645
Calculate the remainder when 1359897 is divided by 47.
46
Calculate the remainder when 580139 is divided by 1415.
1404
Calculate the remainder when 86073 is divided by 36.
33
Calculate the remainder when 5238 is divided by 5073.
165
Calculate the remainder when 13360 is divided by 513.
22
What is the remainder when 452164 is divided by 31?
29
What is the remainder when 1670030 is divided by 8?
6
What is the remainder when 55341 is divided by 262?
59
What is the remainder when 1972318 is divided by 23?
22
Calculate the remainder when 88785 is divided by 29592.
9
What is the remainder when 1289 is divided by 259?
253
What is the remainder when 377029 is divided by 13465?
9
Calculate the remainder when 9871 is divided by 71.
2
Calculate the remainder when 3681 is divided by 114.
33
Calculate the remainder when 4035688 is divided by 7.
6
What is the remainder when 41918 is divided by 31?
6
Calculate the remainder when 568983 is divided by 49.
44
Calculate the remainder when 12659 is divided by 469.
465
What is the remainder when 31369 is divided by 249?
244
Calculate the remainder when 20433 is divided by 10177.
79
Calculate the remainder when 44305 is divided by 35.
30
What is the remainder when 489 is divided by 166?
157
Calculate the remainder when 1300 is divided by 118.
2
Calculate the remainder when 8400 is divided by 564.
504
Calculate the remainder when 24177 is divided by 12055.
67
What is the remainder when 2040 is divided by 71?
52
What is the remainder when 8899 is divided by 22?
11
Calculate the remainder when 2218533 is divided by 19.
17
Calculate the remainder when 1321283 is divided by 9.
2
What is the remainder when 8964 is divided by 195?
189
Calculate the remainder when 2657 is divided by 464.
337
What is the remainder when 27328 is divided by 420?
28
Calculate the remainder when 11348 is divided by 11343.
5
What is the remainder when 11346 is divided by 474?
444
Calculate the remainder when 1045 is divided by 111.
46
What is the remainder when 3642 is divided by 226?
26
What is the remainder when 26467 is divided by 755?
42
Calculate the remainder when 595 is divided by 286.
23
Calculate the remainder when 9272 is divided by 185.
22
Calculate the remainder when 789 is divided by 401.
388
Calculate the remainder when 1238940 is divided by 680.
660
Calculate the remainder when 401 is divided by 277.
124
Calculate the remainder when 869291 is divided by 81.
80
What is the remainder when 69372 is divided by 598?
4
Calculate the remainder when 2176 is divided by 2032.
144
What is the remainder when 1805129 is divided by 23?
20
Calculate the remainder when 3583 is divided by 714.
13
Calculate the remainder when 35165 is divided by 35075.
90
Calculate the remainder when 44060 is divided by 317.
314
Calculate the remainder when 17418 is divided by 21.
9
Calculate the remainder when 28386 is divided by 747.
0
Calculate the remainder when 2219 is divided by 71.
18
Calculate the remainder when 7288 is divided by 3404.
480
Calculate the remainder when 121174 is divided by 6377.
11
Calculate the remainder when 2335 is divided by 59.
34
Calculate the remainder when 69718 is divided by 23231.
25
Calculate the remainder when 1437 is divided by 55.
7
What is the remainder when 1815 is divided by 185?
150
Calculate the remainder when 827 is divided by 239.
110
What is the remainder when 66427 is divided by 135?
7
What is the remainder when 8311 is divided by 2283?
1462
What is the remainder when 3009 is divided by 118?
59
Calculate the remainder when 7623 is divided by 14.
7
Calculate the remainder when 25719 is divided by 643.
642
Calculate the remainder when 2423099 is divided by 820.
819
Calculate the remainder when 981721 is divided by 327237.
10
What is the remainder when 1457 is divided by 625?
207
Calculate the remainder when 7389 is divided by 33.
30
Calculate the remainder when 697 is divided by 16.
9
Calculate the remainder when 25698 is divided by 8552.
42
What is the remainder when 338719 is divided by 84675?
19
What is the remainder when 12512 is divided by 75?
62
Calculate the remainder when 7649 is divided by 18.
17
Calculate the remainder when 20217 is divided by 6734.
15
Calculate the remainder when 1858 is divided by 916.
26
Calculate the remainder when 821285 is divided by 13.
10
Calculate the remainder when 10461 is divided by 1478.
115
What is the remainder when 6149 is divided by 777?
710
Calculate the remainder when 420325 is divided by 29.
28
Calculate the remainder when 27395 is divided by 481.
459
What is the remainder when 8909 is divided by 162?
161
Calculate the remainder when 284 is divided by 145.
139
What is the remainder when 499257 is divided by 265?
262
Calculate the remainder when 53441 is divided by 244.
5
What is the remainder when 494821 is divided by 31?
30
What is the remainder when 24880 is divided by 1365?
310
What is the remainder when 505 is divided by 35?
15
Calculate the remainder when 110637 is divided by 8510.
7
Calculate the remainder when 19999 is divided by 4997.
11
Calculate the remainder when 741 is divided by 58.
45
What is t